Let r be 10/35 - (-37)/(-7). Let u(f) = r*l(f) - 4*s(f). Calculate u(3).
-2
Let g(j) = 10*j + 476 - 477 - 2*j**2 + 0*j**2. Let x(s) = -s**2 + 5*s - 1. Let l be (-18)/4*(-4)/3. Let m(w) = l*g(w) - 13*x(w). Calculate m(5).
7
Suppose -2*z - y + 0 = -11, 0 = -2*z + 5*y - 7. Let w(o) = -o**2 + o + 1. Give w(z).
-11
Let d be 3 + -4 + 1*4. Let s = d + 0. Let j(g) = -g**2 - g + 2. What is j(s)?
-10
Let q(d) = 2*d - 2. Suppose -3*u + 58 = 19. Suppose 5 = 2*y + u. Give q(y).
-10
Let p = -12 + 14. Let y(x) = 1 - 1 + 9*x**2 - 8*x**p. What is y(1)?
1
Let z be -1*((-2)/7 - 9/(-7)). Let k(c) = 7*c**2 + 2*c + 1. Determine k(z).
6
Let j(v) = 1. Let s(n) = n + 9. Let w(i) = 5*j(i) - s(i). Give w(-6).
2
Let m(v) = 0*v + v - 2*v + 11. Suppose 2*u - 6 - 6 = 0. Give m(u).
5
Let d(l) = 4*l. Let q be d(1). Let r(h) be the third derivative of -h**4/24 + 2*h**3/3 + h**2. What is r(q)?
0
Let d(z) = z**2 - 8*z - 2. Suppose -6*a + 14 = -34. Determine d(a).
-2
Let x(p) be the third derivative of p**6/60 - p**5/30 - p**4/12 + p**3/2 + 3*p**2. Suppose 5*w + 4 = 2*n, 8 = 4*n - w - 3*w. Give x(n).
7
Let k(l) be the first derivative of l + 1/2*l**2 + 3 - 10/3*l**3. What is k(-1)?
-10
Let h(g) = g**2 + g + 1. Let z be 4*((-15)/12 + (-1 - -1)). Determine h(z).
21
Let z(o) be the first derivative of -o**3/3 + 2*o**2 - 4*o + 10. Let n = -6 - -9. Give z(n).
-1
Let y(c) be the third derivative of -c**6/120 + c**5/20 + c**4/6 - c**3/2 + 5*c**2. Determine y(2).
9
Let q(u) = 6*u**2 - 8*u - 1. Let o(f) = -2*f**2 + 3*f. Let y(v) = 8*o(v) + 3*q(v). Let p(d) be the first derivative of y(d). What is p(-1)?
-4
Let a be -1 - (0 + 2 + 3). Let r(w) = w**3 + w + 3. Let g be r(0). Let k(d) = g*d + 4 - 3*d + d. Calculate k(a).
-2
Let k(t) be the third derivative of -3*t**2 + 0 - 1/3*t**3 + 0*t - 1/24*t**4. What is k(3)?
-5
Suppose 4*z - 6 = 2*c, 8*z = 4*c + 3*z + 6. Let h = c + 3. Let t(p) = p + h*p - 4*p + 2*p - 6. What is t(4)?
6
Let b(h) = -h**3 + h**2 + 1. Suppose -2*i - 2*i - 20 = 0. Let g = 8 + i. Suppose 12 = -2*l + c - 4*c, 8 = g*l - 2*c. Give b(l).
1
Let v(c) = -c**3 + 5*c**2 - 4*c + 2. Let q be v(4). Let z(d) = 1 + 2*d**2 + 2*d + 3*d**3 - 2 + q. Determine z(-1).
-2
Suppose 0 = -b - f + 6, -b - 5*f + 29 = 3*b. Let m(w) = -4*w**3 + w**2 - w + 1. Calculate m(b).
-3
Let u(j) be the second derivative of -4*j - 1/6*j**3 + 0 - j**2. What is u(-6)?
4
Let a(o) = 3*o**2 - 9*o - 7. Let w(j) = -16*j**2 + 46*j + 35. Let b(p) = -11*a(p) - 2*w(p). Calculate b(7).
7
Let k(p) be the third derivative of p**6/120 - p**5/15 + p**4/8 - p**3 + 39*p**2. Give k(4).
6
Let o = -7 + 8. Let k(y) = 3*y + 0*y + 4 - o. Calculate k(-2).
-3
Let h(g) be the second derivative of -3*g**2 + 0 - 1/20*g**5 + 5*g + g**3 + 5/12*g**4. Determine h(6).
-6
Let h(m) = m**3 + 7*m**2 + 11*m + 8. Let d(i) = -i**3 - 6*i**2 - 13*i - 7. Let n(r) = 2*d(r) + 3*h(r). What is n(-8)?
18
Let n(b) = -b - 1. Suppose -2*t - 3*t = 15. Let w be n(t). Let q(z) = -3*z - 6*z**w + 6*z**2 - 3 + z**2 - z. Determine q(4).
-3
Let u = -5 + 5. Let a(w) be the third derivative of 0 + w**2 + 0*w + 1/120*w**6 + 1/60*w**5 + 0*w**4 + u*w**3. Give a(-1).
0
Let l(a) = -a**2 + 2*a - 2. Let i(f) = -f - 6. Let z be i(-9). Suppose 6*b + 4*j = 3*b + 9, -b + z = 3*j. What is l(b)?
-5
Suppose 20 = -4*o, 4*o + 37 = -3*j - o. Let f(y) = y**3 + 2*y**2 - 5*y + 1. Calculate f(j).
-11
Let r(f) = 5*f**2 + f - 4. Let d(u) = 9*u**2 + 2*u - 8. Let o(q) = -6*d(q) + 11*r(q). Determine o(0).
4
Let n(m) be the second derivative of -2*m**3/3 - 4*m**2 - 38*m. Calculate n(6).
-32
Let l(g) be the first derivative of -g**2/2 - 11*g + 8. Give l(0).
-11
Let v be (1 + 2)/((-1)/(-2) - -1). Let n(x) = 2*x - 2. Give n(v).
2
Let i(y) = -y**2 - 2*y + 4. Let q = 4 - 2. Let p = 4 - q. Let d be -1*p/(-2)*-3. Give i(d).
1
Let n be (-2)/(-6)*0 + -1. Let p(c) be the third derivative of c**5/120 - c**3/2 + 3*c**2. Let t(k) be the first derivative of p(k). Calculate t(n).
-1
Let n(w) = w + 1. Let l be n(2). Let p(f) = -2 - 5*f + 3*f + l*f. Suppose -4*z = -4*u, -u + z = 5*z - 15. Determine p(u).
1
Let u(d) = -d**2 + 6*d - 4. Let m be u(4). Let y = 5 - m. Let t(p) = -8*p**3 - p + 1. Give t(y).
-8
Let y(g) = -g - 4. Let j(l) = -l + 1. Let a(k) = -2*j(k) + y(k). Calculate a(8).
2
Suppose 0 = -2*y - 2*y + 8. Suppose 0 = -3*i - 2*w - 4, 3*i - y*w - 18 = -2. Let g(l) be the first derivative of l**4/2 - 2*l**3/3 + l + 1. Calculate g(i).
9
Suppose -2 + 14 = 2*q + 2*p, -q - 5*p + 14 = 0. Let i(m) = -3 + 6 - 5*m + q*m. Let k = 3 + 1. Give i(k).
-1
Let s(d) = -3*d + 9*d - 8*d + 3. What is s(6)?
-9
Let j(x) = -6*x**2 + 3*x + 7. Let d(r) = 3*r**2 - 2*r - 4. Let p(w) = 5*d(w) + 3*j(w). Suppose 0 = -2*v + 3*b - 1, -2*b = -2. Determine p(v).
-3
Suppose -2 = -2*z + 2. Let v(j) = -j**3 - 8*j - 1 + 6*j - j**z + 3*j. Suppose 0*o = -o. Determine v(o).
-1
Let c(b) = 4*b + 1. Let k(m) = -2*m**2 - 10*m - 3. Let h(u) = u**3 - 16*u**2 + 16*u - 20. Let a be h(15). Let i be k(a). Calculate c(i).
-11
Let y(l) be the second derivative of l**5/20 - l**3/6 - l**2/2 + 3*l. Determine y(0).
-1
Suppose 2*u = -u + 6. Let f(j) = -j**2. Give f(u).
-4
Let t(d) be the third derivative of -7*d**5/60 - d**3/6 - 2*d**2. Determine t(1).
-8
Let f(r) be the second derivative of 2*r**5/5 - r**4/12 - 9*r. Determine f(-1).
-9
Let a(b) be the third derivative of -b**5/60 - b**4/3 + b**3 - 3*b**2. Give a(-8).
6
Let d(r) = -4*r**2 + r**2 + r**3 + 3*r - 4*r + 3 - 2*r**2. Calculate d(3).
-18
Suppose -4*u + q + 12 = -12, -4*q - 41 = -5*u. Let k(y) = -y**3 + 4*y**2 + 4*y + 6. Determine k(u).
1
Let w(l) be the third derivative of l**4/8 - 2*l**3/3 - 14*l**2. Let h be (2 - 4)*(0 + -2). Determine w(h).
8
Let s(v) = 5 - 3 - 6 - 2*v + 7. Let b(q) = -3*q. Let m be b(-1). Give s(m).
-3
Let j(a) be the first derivative of -a**2 - a - 43. What is j(-2)?
3
Let b(g) be the first derivative of g**3/3 + 3*g**2/2 - 2*g - 1. Let y = 11 - 2. Let u = -13 + y. What is b(u)?
2
Let g(y) = 2*y - 1. Suppose 0 = 8*i - 3*i + 10. Give g(i).
-5
Let i(p) = -5 - 4*p**2 + p**2 + 4*p**2 + 2*p + 0. Determine i(-4).
3
Let l(r) = -2*r - 2. Let v = 41 + -44. Determine l(v).
4
Let m(f) be the first derivative of -f**3/3 + 3*f**2/2 - f - 16. What is m(1)?
1
Let m(h) = -3 - h + 8 + 8*h - 5*h**2. Let u(d) = -6*d**2 + 8*d + 6. Let l(n) = 7*m(n) - 6*u(n). What is l(-2)?
1
Let t be 6/8 - 2/(-8). Let k be (1 + t)/(4/6). Let f(n) = 2*n**2 - 4 + k - 3*n**2 + 3*n. Give f(4).
-5
Let a(s) = s - 2. Let p be a(4). Suppose -h + p*h = 4. Let u(k) = 2 - 3*k + 4*k - h. Calculate u(4).
2
Let g = -15 + 17. Suppose h = 3*k + 2*h - 23, -4*k - 4*h = -36. Let z(i) = 3*i**g + 0*i + 2*i + 2*i - k*i + 2 - i**3. Calculate z(2).
0
Let f be 3/(-9) - (-44)/6. Let x = f + 3. Let h(g) = -g + 2*g - 7 + x. Determine h(-3).
0
Suppose -5*h + 3*f - 40 = 0, 0 = 4*h + 2*f + 13 + 19. Let m(i) = -i - 7. Determine m(h).
1
Let y(j) = 6*j. Let q(k) = -20 - k - 5*k - k + 19. Let d(g) = 3*q(g) + 4*y(g). Calculate d(3).
6
Let a(z) = z - 6. Let d(t) = -4*t + 2*t + 0*t - 6. Let f = 16 - 22. Let n be d(f). Determine a(n).
0
Let w(o) = o**3 + 9*o**2 + 7*o + 5. Let l be w(-8). Let y = l + -9. Let k(s) = -s + 3*s - 3*s - 1. What is k(y)?
-5
Let q(f) = f**2 + 12*f + 29. Let a be q(-5). Let p(i) = -i**2 - 5 + 2*i - 3*i - 6*i. Calculate p(a).
1
Let y be (-1)/4 - (-39)/12. Let c(s) = y*s + 2*s**2 + 2*s**2 - 5*s**2. Calculate c(4).
-4
Let p = 8 - 12. Let i(k) = -k**3 - 3*k**2 + 2*k - 3. What is i(p)?
5
Let i(s) be the third derivative of s**6/120 - 3*s**5/20 + 3*s**4/8 - 2*s**3/3 - 6*s**2. Determine i(8).
4
Let x(a) be the third derivative of -a**4/12 + a**3/6 - 2*a**2. Let z = 3 + -2. Give x(z).
-1
Let v(p) be the first derivative of p**4/2 - p**3 - 3*p**2/2 - 2*p + 4. Give v(3).
16
Suppose -9 - 21 = -5*z. Let l(n) = -n + 5. Calculate l(z).
-1
Let w(b) = -b**2 + 2*b + 1. Suppose -5*n - 6 = 4. Let y(o) = 2*o**2 + 3*o + 1. Let j be y(n). Determine w(j).
-2
Suppose -4*w = 2*a - 6*a - 8, -a + 6 = w. Let r be 2*1/a*-5. Let k(f) = -f - 3. Calculate k(r).
2
Let v(q) = q**2 + 6*q + 2. Suppose -2*m + 3*m + 8 = -u, -16 = u + 5*m. Calculate v(u).
2
Let h be -10 - -10 - (-2 - (1 - 2)). Let c(s) = 7*s**2 - s. What is c(h)?
6
Let b(t) = t**2 - 6*t - 6. Let d be b(7). Let i(z) = 0 - 3 + z**2 + 3*z + d. Let f(k) = -k**2 - 3*k + 1. Let u be f(-4). Determine i(u).
-2
L